{"id":165,"date":"2024-07-21T22:23:44","date_gmt":"2024-07-21T20:23:44","guid":{"rendered":"https:\/\/jeleniagora.pl\/projekty\/?page_id=165"},"modified":"2026-04-13T13:56:36","modified_gmt":"2026-04-13T11:56:36","slug":"akademia-przedszkolaka","status":"publish","type":"page","link":"https:\/\/jeleniagora.pl\/projekty\/akademia-przedszkolaka\/","title":{"rendered":"Akademia przedszkolaka"},"content":{"rendered":"\n<div class=\"wp-block-uagb-container uagb-block-fe36d0f2 alignfull uagb-is-root-container\"><div class=\"uagb-container-inner-blocks-wrap\"><div class=\"wp-block-ub-tabbed-content wp-block-ub-tabbed-content-holder vertical-holder wp-block-ub-tabbed-content-horizontal-holder-mobile wp-block-ub-tabbed-content-horizontal-holder-tablet\" id=\"ub-tabbed-content-ec0a19b9-b9b0-4683-b2cc-27e818f2dbc3\" style=\"\">\n\t\t\t<div class=\"wp-block-ub-tabbed-content-tab-holder vertical-tab-width horizontal-tab-width-mobile horizontal-tab-width-tablet\">\n\t\t\t\t<div role=\"tablist\" class=\"wp-block-ub-tabbed-content-tabs-title-vertical-tab wp-block-ub-tabbed-content-tabs-title-mobile-horizontal-tab wp-block-ub-tabbed-content-tabs-title-tablet-horizontal-tab\" style=\"justify-content: flex-start; \"><div role=\"tab\" id=\"ub-tabbed-content-ec0a19b9-b9b0-4683-b2cc-27e818f2dbc3-tab-0\" aria-controls=\"ub-tabbed-content-ec0a19b9-b9b0-4683-b2cc-27e818f2dbc3-panel-0\" aria-selected=\"false\" class=\"wp-block-ub-tabbed-content-tab-title-vertical-wrap\" style=\"--ub-tabbed-active-title-color: inherit; --ub-tabbed-active-title-background-color: #eeeeee; text-align: left; \" tabindex=\"-1\">\n\t\t\t\t<div class=\"wp-block-ub-tabbed-content-tab-title\">O projekcie<\/div>\n\t\t\t<\/div><div role=\"tab\" id=\"ub-tabbed-content-ec0a19b9-b9b0-4683-b2cc-27e818f2dbc3-tab-1\" aria-controls=\"ub-tabbed-content-ec0a19b9-b9b0-4683-b2cc-27e818f2dbc3-panel-1\" aria-selected=\"false\" class=\"wp-block-ub-tabbed-content-tab-title-vertical-wrap\" style=\"--ub-tabbed-active-title-color: inherit; --ub-tabbed-active-title-background-color: #eeeeee; text-align: left; \" tabindex=\"-1\">\n\t\t\t\t<div class=\"wp-block-ub-tabbed-content-tab-title\">Aktualno\u015bci<\/div>\n\t\t\t<\/div><div role=\"tab\" id=\"ub-tabbed-content-ec0a19b9-b9b0-4683-b2cc-27e818f2dbc3-tab-2\" aria-controls=\"ub-tabbed-content-ec0a19b9-b9b0-4683-b2cc-27e818f2dbc3-panel-2\" aria-selected=\"true\" class=\"wp-block-ub-tabbed-content-tab-title-vertical-wrap active\" style=\"--ub-tabbed-title-background-color: #eeeeee; --ub-tabbed-active-title-color: inherit; --ub-tabbed-active-title-background-color: #eeeeee; text-align: left; \" tabindex=\"-1\">\n\t\t\t\t<div class=\"wp-block-ub-tabbed-content-tab-title\">Harmonogramy<\/div>\n\t\t\t<\/div><div role=\"tab\" id=\"ub-tabbed-content-ec0a19b9-b9b0-4683-b2cc-27e818f2dbc3-tab-3\" aria-controls=\"ub-tabbed-content-ec0a19b9-b9b0-4683-b2cc-27e818f2dbc3-panel-3\" aria-selected=\"false\" class=\"wp-block-ub-tabbed-content-tab-title-vertical-wrap\" style=\"--ub-tabbed-active-title-color: inherit; --ub-tabbed-active-title-background-color: #eeeeee; text-align: left; \" tabindex=\"-1\">\n\t\t\t\t<div class=\"wp-block-ub-tabbed-content-tab-title\">Do pobrania<\/div>\n\t\t\t<\/div><div role=\"tab\" id=\"ub-tabbed-content-ec0a19b9-b9b0-4683-b2cc-27e818f2dbc3-tab-4\" aria-controls=\"ub-tabbed-content-ec0a19b9-b9b0-4683-b2cc-27e818f2dbc3-panel-4\" aria-selected=\"false\" class=\"wp-block-ub-tabbed-content-tab-title-vertical-wrap\" style=\"--ub-tabbed-active-title-color: inherit; --ub-tabbed-active-title-background-color: #eeeeee; text-align: left; \" tabindex=\"-1\">\n\t\t\t\t<div class=\"wp-block-ub-tabbed-content-tab-title\">Kontakt<\/div>\n\t\t\t<\/div><\/div>\n\t\t\t<\/div>\n\t\t\t<div class=\"wp-block-ub-tabbed-content-tabs-content vertical-content-width \" style=\"\"><div role=\"tabpanel\" class=\"wp-block-ub-tabbed-content-tab-content-wrap ub-hide\" id=\"ub-tabbed-content-ec0a19b9-b9b0-4683-b2cc-27e818f2dbc3-panel-0\" aria-labelledby=\"ub-tabbed-content-ec0a19b9-b9b0-4683-b2cc-27e818f2dbc3-tab-0\" tabindex=\"0\">\n\n<figure class=\"wp-block-image size-large\"><img loading=\"lazy\" decoding=\"async\" width=\"1024\" height=\"106\" src=\"https:\/\/jeleniagora.pl\/projekty\/wp-content\/uploads\/2024\/03\/FEDDS-kolor-poziom-1024x106.png\" alt=\"Logo Funduszy Europejskich dla Dolnego \u015al\u0105ska\" class=\"wp-image-45\" srcset=\"https:\/\/jeleniagora.pl\/projekty\/wp-content\/uploads\/2024\/03\/FEDDS-kolor-poziom-1024x106.png 1024w, https:\/\/jeleniagora.pl\/projekty\/wp-content\/uploads\/2024\/03\/FEDDS-kolor-poziom-300x31.png 300w, https:\/\/jeleniagora.pl\/projekty\/wp-content\/uploads\/2024\/03\/FEDDS-kolor-poziom-768x80.png 768w, https:\/\/jeleniagora.pl\/projekty\/wp-content\/uploads\/2024\/03\/FEDDS-kolor-poziom.png 1500w\" sizes=\"auto, (max-width: 1024px) 100vw, 1024px\" \/><\/figure>\n\n\n\n<div class=\"wp-block-uagb-container uagb-block-2262a269\">\n<div class=\"wp-block-group is-vertical is-layout-flex wp-container-core-group-is-layout-fbb32108 wp-block-group-is-layout-flex\" style=\"margin-top:0;margin-bottom:0;padding-top:0;padding-right:0;padding-bottom:0;padding-left:0\">\n<p style=\"margin-top:0;margin-right:0;margin-bottom:0;margin-left:0;padding-top:0;padding-right:0;padding-bottom:0;padding-left:0\"><strong>Beneficjent<\/strong><\/p>\n\n\n\n<p style=\"margin-top:0;margin-right:0;margin-bottom:0;margin-left:0;padding-top:0;padding-right:0;padding-bottom:0;padding-left:0\">Miasto Jelenia G\u00f3ra<\/p>\n\n\n\n<p style=\"margin-top:0;margin-right:0;margin-bottom:0;margin-left:0;padding-top:0;padding-right:0;padding-bottom:0;padding-left:0\"><\/p>\n\n\n\n<p style=\"margin-top:0;margin-right:0;margin-bottom:0;margin-left:0;padding-top:0;padding-right:0;padding-bottom:0;padding-left:0\"><\/p>\n<\/div>\n\n\n\n<div class=\"wp-block-group is-vertical is-layout-flex wp-container-core-group-is-layout-fbb32108 wp-block-group-is-layout-flex\" style=\"margin-top:0;margin-bottom:0;padding-top:0;padding-right:0;padding-bottom:0;padding-left:0\">\n<p><strong>Warto\u015b\u0107 projektu<\/strong><\/p>\n\n\n\n<p>5 157 339,45 z\u0142<\/p>\n\n\n\n<p>Warto\u015b\u0107 dofinansowania<\/p>\n\n\n\n<p>4 125 823,76 z\u0142<\/p>\n<\/div>\n\n\n\n<div class=\"wp-block-group is-vertical is-layout-flex wp-container-core-group-is-layout-fbb32108 wp-block-group-is-layout-flex\" style=\"margin-top:0;margin-bottom:0;padding-top:0;padding-right:0;padding-bottom:0;padding-left:0\">\n<p><strong>Pocz\u0105tek projektu<\/strong><\/p>\n\n\n\n<p>1 marca 2024 r.<\/p>\n\n\n\n<p><strong>Koniec projektu<\/strong><\/p>\n\n\n\n<p>31 sierpnia 2026 r.<\/p>\n<\/div>\n<\/div>\n\n\n\n<h3 class=\"wp-block-heading\">Cel projektu<\/h3>\n\n\n\n<p>Celem projektu jest wyr\u00f3wnanie szans edukacyjnych i rozwojowych dzieci ze specjalnymi potrzebami edukacyjnymi oraz podniesienie jako\u015bci wychowania przedszkolnego w 8 miejskich przedszkolach, dla kt\u00f3rych organem prowadz\u0105cym jest Miasto Jelenia G\u00f3ra (tj. Miejskiego Przedszkola Nr 2, Miejskiego Przedszkola Nr 4, Miejskiego Przedszkola Nr 10, Miejskiego Przedszkola Nr 11 ,,Krasnala Ha\u0142aba\u0142y\u201d, Miejskiego Przedszkola Nr 13, Miejskiego Integracyjnego Przedszkola Nr 14, Miejskiego Przedszkola Nr 19 im. Kubusia Puchatka, Miejskiego Przedszkola Nr 27 ,,Okr\u0105glaczek\u201d ).<\/p>\n\n\n\n<h3 class=\"wp-block-heading\">Dzia\u0142ania realizowane w ramach projektu<\/h3>\n\n\n\n<ul class=\"wp-block-list is-style-checkmark-list\">\n<li>Zaj\u0119cia dla dzieci ze specjalnymi potrzebami rozwojowymi (23 dzieci, w tym 6 dziewczynek).<\/li>\n\n\n\n<li>Zaj\u0119cia rozwijaj\u0105ce dla wszystkich dzieci w tym dzieci ze specjalnymi potrzebami (1500 dzieci, w tym 900 dziewczynek).<\/li>\n\n\n\n<li>Podniesienie kwalifikacji nauczycieli przedszkolnych (51 kobiet).<\/li>\n\n\n\n<li>Zakup pomocy dydaktycznych, sprz\u0119t\u00f3w i wyposa\u017cenia oraz wykonanie prac adaptacyjnych w salach Miejskiego Przedszkola Nr 4 oraz Miejskiego Przedszkola Nr 11.<\/li>\n<\/ul>\n\n\n\n<h3 class=\"wp-block-heading\">Grupa docelowa<\/h3>\n\n\n\n<ul class=\"wp-block-list is-style-checkmark-list\">\n<li>1500 dzieci (w tym 900 dziewczynek), z czego 23 dzieci wymagaj\u0105cych specjalnej organizacji nauki na podstawie orzeczenia Poradni Psychologiczno \u2013 Pedagogicznej,<\/li>\n\n\n\n<li>51 nauczycieli wychowania przedszkolnego.<\/li>\n<\/ul>\n\n\n\n<h3 class=\"wp-block-heading\">W projekcie zostan\u0105 osi\u0105gni\u0119te nast\u0119puj\u0105ce rezultaty<\/h3>\n\n\n\n<ul class=\"wp-block-list is-style-checkmark-list\">\n<li>Liczba przedstawicieli kadry szk\u00f3\u0142 i plac\u00f3wek systemu o\u015bwiaty, kt\u00f3rzy uzyskali kwalifikacje po opuszczeniu programu \u2013 47<\/li>\n\n\n\n<li>Liczba os\u00f3b, kt\u00f3re uzyska\u0142y kwalifikacje po opuszczeniu programu \u2013 1547.<\/li>\n<\/ul>\n\n\n\n<p>Efektem projektu b\u0119dzie upowszechnienie wychowania przedszkolnego, w tym w\u015br\u00f3d dzieci z niepe\u0142nosprawno\u015bciami, integracja dzieci, rozw\u00f3j umiej\u0119tno\u015bci kluczowych oraz spo\u0142eczno- emocjonalnych, rozw\u00f3j kompetencji spo\u0142ecznych u dzieci szczeg\u00f3lnie ze specjalnymi potrzebami, popularyzacja edukacji ekologicznej i przyrodniczej, doposa\u017cenie plac\u00f3wek w pomoce dydaktyczne, podniesienie kwalifikacji nauczycieli przedszkolnych.<\/p>\n\n<\/div><div role=\"tabpanel\" class=\"wp-block-ub-tabbed-content-tab-content-wrap ub-hide\" id=\"ub-tabbed-content-ec0a19b9-b9b0-4683-b2cc-27e818f2dbc3-panel-1\" aria-labelledby=\"ub-tabbed-content-ec0a19b9-b9b0-4683-b2cc-27e818f2dbc3-tab-1\" tabindex=\"0\">\n\n<h2 class=\"wp-block-heading\">Aktualno\u015bci<\/h2>\n\n\n\n<h3 class=\"wp-block-heading\" style=\"margin-top:0;margin-bottom:0\">Rozpoczynamy realizacj\u0119 projektu Akademia przedszkolaka<\/h3>\n\n\n\n<div class=\"wp-block-group is-nowrap is-layout-flex wp-container-core-group-is-layout-c5875147 wp-block-group-is-layout-flex\" style=\"min-height:40px;padding-top:0;padding-right:0;padding-bottom:0;padding-left:0\">      \n\t\t\t<div class=\"uagb-icon-wrapper uagb-block-df6de6ab\" style=\"\">\n\t\t\t\t\t\t\t\t\t<span class=\"uagb-svg-wrapper\" aria-label=\"bullhorn\" tabindex=\"0\">\t\t\n\t\t\t\t\t\t\t\t\t\t<svg xmlns=\"https:\/\/www.w3.org\/2000\/svg\" viewbox=\"0 0 512 512\" role=\"graphics-symbol\" aria-hidden=\"false\" aria-label=\"\"><path d=\"M480 179.6C498.6 188.4 512 212.1 512 240C512 267.9 498.6 291.6 480 300.4V448C480 460.9 472.2 472.6 460.2 477.6C448.3 482.5 434.5 479.8 425.4 470.6L381.7 426.1C333.7 378.1 268.6 352 200.7 352H192V480C192 497.7 177.7 512 160 512H96C78.33 512 64 497.7 64 480V352C28.65 352 0 323.3 0 288V192C0 156.7 28.65 128 64 128H200.7C268.6 128 333.7 101 381.7 53.02L425.4 9.373C434.5 .2215 448.3-2.516 460.2 2.437C472.2 7.39 480 19.06 480 32V179.6zM200.7 192H192V288H200.7C280.5 288 357.2 317.8 416 371.3V108.7C357.2 162.2 280.5 192 200.7 192V192z\"><\/path><\/svg>\n\t\t\t\t\t\t\t\t\t<\/span>\n\t\t\t\t\t\t\t<\/div>\n\t\t\t\n\n\n<p class=\"has-text-color has-link-color has-small-font-size wp-elements-3c53877d3bc4910be9b1b13f59812628\" style=\"color:#0d0829\">1 marca 2024 r.<\/p>\n<\/div>\n\n\n\n<div class=\"wp-block-group is-nowrap is-layout-flex wp-container-core-group-is-layout-6c531013 wp-block-group-is-layout-flex\">\n<figure class=\"wp-block-image size-medium\"><img loading=\"lazy\" decoding=\"async\" width=\"300\" height=\"225\" src=\"https:\/\/jeleniagora.pl\/projekty\/wp-content\/uploads\/2024\/03\/team-386673_640-300x225.jpg\" alt=\"\" class=\"wp-image-70\" srcset=\"https:\/\/jeleniagora.pl\/projekty\/wp-content\/uploads\/2024\/03\/team-386673_640-300x225.jpg 300w, https:\/\/jeleniagora.pl\/projekty\/wp-content\/uploads\/2024\/03\/team-386673_640.jpg 640w\" sizes=\"auto, (max-width: 300px) 100vw, 300px\" \/><\/figure>\n\n\n\n<p>W dniu dzisiejszym na spotkaniu zespo\u0142u realizuj\u0105cego projekt rozpocz\u0119li\u015bmy pierwsze dzia\u0142ania zwi\u0105zane ze startem projektu <strong>Akademia przedszkolaka<\/strong>.<\/p>\n<\/div>\n\n<\/div><div role=\"tabpanel\" class=\"wp-block-ub-tabbed-content-tab-content-wrap active\" id=\"ub-tabbed-content-ec0a19b9-b9b0-4683-b2cc-27e818f2dbc3-panel-2\" aria-labelledby=\"ub-tabbed-content-ec0a19b9-b9b0-4683-b2cc-27e818f2dbc3-tab-2\" tabindex=\"0\">\n\n<h2 class=\"wp-block-heading\">Harmonogramy<\/h2>\n\n\n\n<div class=\"wp-block-file\"><a id=\"wp-block-file--media-d235a911-4275-4e56-a23e-1d4573eaa51f\" href=\"https:\/\/jeleniagora.pl\/projekty\/wp-content\/uploads\/2026\/03\/Harmonogram_form_wsparcia_MP2.pdf\">Harmonogram_form_wsparcia_MP2<\/a><\/div>\n\n\n\n<div class=\"wp-block-file\"><a id=\"wp-block-file--media-fdce73c6-437c-41fe-871a-e3fe8684345d\" href=\"https:\/\/jeleniagora.pl\/projekty\/wp-content\/uploads\/2026\/03\/Harmonogram_form_wsparcia_MP4.pdf\">Harmonogram_form_wsparcia_MP4<\/a><\/div>\n\n\n\n<div class=\"wp-block-file\"><a id=\"wp-block-file--media-616a8d21-b697-49b6-8928-80e2f460624e\" href=\"https:\/\/jeleniagora.pl\/projekty\/wp-content\/uploads\/2026\/03\/Harmonogram_form_wsparcia_MP10.pdf\">Harmonogram_form_wsparcia_MP10<\/a><\/div>\n\n\n\n<div class=\"wp-block-file\"><a id=\"wp-block-file--media-4f36c7cf-c236-486d-b93f-663d3439a4a9\" href=\"https:\/\/jeleniagora.pl\/projekty\/wp-content\/uploads\/2026\/03\/Harmonogram_form_wsparcia_MP11-4.pdf\">Harmonogram_form_wsparcia_MP11<\/a><\/div>\n\n\n\n<div class=\"wp-block-file\"><a id=\"wp-block-file--media-21eb0109-0033-4fe1-a157-1ea5525d43be\" href=\"https:\/\/jeleniagora.pl\/projekty\/wp-content\/uploads\/2026\/04\/Harmonogram_form_wsparcia_MP13-4.pdf\">Harmonogram_form_wsparcia_MP13<\/a><\/div>\n\n\n\n<div class=\"wp-block-file\"><a id=\"wp-block-file--media-7a0d3a6a-fc5a-4fb6-99d3-c54ccf434af7\" href=\"https:\/\/jeleniagora.pl\/projekty\/wp-content\/uploads\/2026\/03\/Harmonogram_form_wsparcia_MP14.pdf\">Harmonogram_form_wsparcia_MP14<\/a><\/div>\n\n\n\n<div class=\"wp-block-file\"><a id=\"wp-block-file--media-01720a78-6892-4c04-8a11-ad0b103f1542\" href=\"https:\/\/jeleniagora.pl\/projekty\/wp-content\/uploads\/2026\/03\/Harmonogram_form_wsparcia_MP19.pdf\">Harmonogram_form_wsparcia_MP19<\/a><\/div>\n\n\n\n<div class=\"wp-block-file\"><a id=\"wp-block-file--media-7d2875c1-6496-4f20-8558-e34e5cde0ce6\" href=\"https:\/\/jeleniagora.pl\/projekty\/wp-content\/uploads\/2026\/03\/Harmonogram_form_wsparcia_MP27.pdf\">Harmonogram_form_wsparcia_MP27<\/a><\/div>\n\n\n\n<div class=\"wp-block-file\"><a id=\"wp-block-file--media-81ad8eee-6b94-4e6b-affa-b56a89043cba\" href=\"https:\/\/jeleniagora.pl\/projekty\/wp-content\/uploads\/2025\/10\/Harmonogram-form-wsparcia-szkolenia-nauczycieli-Logorytmika-w-teorii-i-praktyce-TUS.pdf\">Harmonogram form wsparcia &#8211; szkolenia nauczycieli &#8211; Logorytmika w teorii i praktyce, TUS<\/a><\/div>\n\n\n\n<div class=\"wp-block-file\"><a id=\"wp-block-file--media-e059fb07-f347-4831-8f4d-f0c37f98155e\" href=\"https:\/\/jeleniagora.pl\/projekty\/wp-content\/uploads\/2025\/11\/Harmonogram-form-wsparcia-szkolenia-dla-Nauczycieli-Terapia-reki.pdf\">Harmonogram form wsparcia &#8211; szkolenia dla Nauczycieli &#8211; Terapia r\u0119ki<\/a><\/div>\n\n\n\n<div class=\"wp-block-file\"><a id=\"wp-block-file--media-87c8886f-97c3-4454-8563-d5e7dd8ed6b3\" href=\"https:\/\/jeleniagora.pl\/projekty\/wp-content\/uploads\/2026\/03\/Harmonogram-form-wsparcia-szkolenia-dla-Nauczycieli-Terapia-czaszkowo-krzyzowa_modul-4-5-6.pdf\">Harmonogram form wsparcia &#8211; szkolenia dla Nauczycieli &#8211; Terapia czaszkowo-krzy\u017cowa_modu\u0142 4, 5, 6<\/a><\/div>\n\n\n\n<div class=\"wp-block-file\"><a id=\"wp-block-file--media-68d8857b-5bf2-424d-a117-355d80af86f5\" href=\"https:\/\/jeleniagora.pl\/projekty\/wp-content\/uploads\/2025\/10\/Harmonogram-form-wsparcia-wycieczki-Sudecka-Zagorda-Edukacyjna.pdf\">Harmonogram form wsparcia &#8211; wycieczki Sudecka Zagroda Edukacyjna<\/a><\/div>\n\n\n\n<div class=\"wp-block-file\"><a id=\"wp-block-file--media-702a0d18-d900-4680-a2bb-933df0247cac\" href=\"https:\/\/jeleniagora.pl\/projekty\/wp-content\/uploads\/2026\/03\/Harmonogram-form-wsparcia-wycieczki-Karpacz-Karkonoskie-Tajemnice.pdf\">Harmonogram form wsparcia &#8211; wycieczki Karpacz &#8211; Karkonoskie Tajemnice<\/a><\/div>\n\n\n\n<div class=\"wp-block-file\"><a id=\"wp-block-file--media-1fd18b21-4c79-40bd-84d6-70ead8ec5616\" href=\"https:\/\/jeleniagora.pl\/projekty\/wp-content\/uploads\/2026\/04\/Harmonogram-form-wsparcia-wycieczki-Wroclaw-ZOO_Kolejkowo.pdf\">Harmonogram form wsparcia &#8211; wycieczki Wroc\u0142aw &#8211; ZOO_Kolejkowo<\/a><\/div>\n\n<\/div><div role=\"tabpanel\" class=\"wp-block-ub-tabbed-content-tab-content-wrap ub-hide\" id=\"ub-tabbed-content-ec0a19b9-b9b0-4683-b2cc-27e818f2dbc3-panel-3\" aria-labelledby=\"ub-tabbed-content-ec0a19b9-b9b0-4683-b2cc-27e818f2dbc3-tab-3\" tabindex=\"0\">\n\n<h2 class=\"wp-block-heading\">Do pobrania<\/h2>\n\n\n\n<h3 class=\"wp-block-heading\">Rekrutacja i uczestnictwo<\/h3>\n\n\n\n<div class=\"wp-block-file\"><a id=\"wp-block-file--media-18d158b1-6041-426c-8031-276a4d6bc31d\" href=\"https:\/\/jeleniagora.pl\/projekty\/wp-content\/uploads\/2024\/07\/Deklaracja-uczestnictwa-dla-dziecka.docx\">Deklaracja uczestnictwa dla dziecka<\/a><\/div>\n\n\n\n<div class=\"wp-block-file\"><a id=\"wp-block-file--media-6a818a62-a1cd-4321-88a3-e6407a2be362\" href=\"https:\/\/jeleniagora.pl\/projekty\/wp-content\/uploads\/2024\/07\/Zgoda-na-przetwarzanie-danych-osobowych-dziecko.docx\">Zgoda na przetwarzanie danych osobowych &#8211; dziecko<\/a><\/div>\n\n\n\n<div class=\"wp-block-file\"><a id=\"wp-block-file--media-dbe967bd-f0ed-4f80-95c8-3bf1e97a8ef6\" href=\"https:\/\/jeleniagora.pl\/projekty\/wp-content\/uploads\/2024\/07\/Deklaracja-uczestnictwa-dla-nauczyciela.docx\">Deklaracja uczestnictwa dla nauczyciela<\/a><\/div>\n\n\n\n<div class=\"wp-block-file\"><a id=\"wp-block-file--media-6083f62a-cc99-4c07-85fb-0f4819ea355b\" href=\"https:\/\/jeleniagora.pl\/projekty\/wp-content\/uploads\/2024\/07\/Zgoda-na-przetwarzanie-danych-osobowych-nauczyciel.docx\">Zgoda na przetwarzanie danych osobowych &#8211; nauczyciel<\/a><\/div>\n\n\n\n<div class=\"wp-block-file\"><a id=\"wp-block-file--media-b1a9b02e-4c4f-4157-99ec-8a6f7d08ce35\" href=\"https:\/\/jeleniagora.pl\/projekty\/wp-content\/uploads\/2024\/07\/Rezygnacja-z-uczestnictwa-w-projekcie.docx\">Rezygnacja z uczestnictwa w projekcie<\/a><\/div>\n\n\n\n<div class=\"wp-block-file\"><a id=\"wp-block-file--media-10794937-898e-4006-a8eb-fdd9f421a72d\" href=\"https:\/\/jeleniagora.pl\/projekty\/wp-content\/uploads\/2025\/10\/Klauzula-informacyjna.docx\">Klauzula informacyjna<\/a><\/div>\n\n\n\n<h3 class=\"wp-block-heading\">Personel projektu<\/h3>\n\n\n\n<div class=\"wp-block-file\"><a id=\"wp-block-file--media-6759a1f6-0849-4fb3-a864-608483cf149b\" href=\"https:\/\/jeleniagora.pl\/projekty\/wp-content\/uploads\/2025\/10\/Ankieta-danych-osobowych.docx\">Ankieta danych osobowych<\/a><\/div>\n\n\n\n<div class=\"wp-block-file\"><a id=\"wp-block-file--media-667ad814-157a-4854-9d20-3b04cfb574f2\" href=\"https:\/\/jeleniagora.pl\/projekty\/wp-content\/uploads\/2024\/07\/Oswiadczenie-nauczyciel-276-godzin.docx\">O\u015bwiadczenie nauczyciel 276 godzin<\/a><\/div>\n\n\n\n<div class=\"wp-block-file\"><a id=\"wp-block-file--media-8a925850-9e8d-4e8b-a873-65625c012a13\" href=\"https:\/\/jeleniagora.pl\/projekty\/wp-content\/uploads\/2025\/10\/Powierzenie-zajec-dodatkowych-nauczyciel-i-zgoda-na-prowadzenie-zajec.docx\">Powierzenie zaj\u0119\u0107 dodatkowych nauczyciel i zgoda na prowadzenie zaj\u0119\u0107<\/a><\/div>\n\n<\/div><div role=\"tabpanel\" class=\"wp-block-ub-tabbed-content-tab-content-wrap ub-hide\" id=\"ub-tabbed-content-ec0a19b9-b9b0-4683-b2cc-27e818f2dbc3-panel-4\" aria-labelledby=\"ub-tabbed-content-ec0a19b9-b9b0-4683-b2cc-27e818f2dbc3-tab-4\" tabindex=\"0\">\n\n<h2 class=\"wp-block-heading\">Kontakt<\/h2>\n\n\n\n<p><\/p>\n\n<\/div><\/div>\n\t\t<\/div><\/div><\/div>\n\n\n\n<hr class=\"wp-block-separator has-alpha-channel-opacity\" style=\"margin-top:var(--wp--preset--spacing--20);margin-bottom:var(--wp--preset--spacing--20)\"\/>\n\n\n\n<p class=\"has-text-align-center\">Projekt&nbsp;<em>Akademia przedszkolaka<\/em>&nbsp;realizowany w ramach<br>Priorytetu 8 \u201eFundusze Europejskie dla edukacji na Dolnym \u015al\u0105sku\u201d,<br>Dzia\u0142ania nr FEDS.08.01 \u201eDost\u0119p do edukacji\u201d,<br>Programu Fundusze Europejskie dla Dolnego \u015al\u0105ska 2021-2027&nbsp; wsp\u00f3\u0142finansowanego ze \u015brodk\u00f3w Europejskiego Funduszu Spo\u0142ecznego Plus.<\/p>\n\n\n\n<div class=\"wp-block-group has-global-padding is-layout-constrained wp-block-group-is-layout-constrained\">\n<figure class=\"wp-block-image size-large\"><img loading=\"lazy\" decoding=\"async\" width=\"1024\" height=\"106\" src=\"https:\/\/jeleniagora.pl\/projekty\/wp-content\/uploads\/2024\/03\/FEDDS-kolor-poziom-1024x106.png\" alt=\"Logo Funduszy Europejskich dla Dolnego \u015al\u0105ska\" class=\"wp-image-45\" style=\"object-fit:cover\" srcset=\"https:\/\/jeleniagora.pl\/projekty\/wp-content\/uploads\/2024\/03\/FEDDS-kolor-poziom-1024x106.png 1024w, https:\/\/jeleniagora.pl\/projekty\/wp-content\/uploads\/2024\/03\/FEDDS-kolor-poziom-300x31.png 300w, https:\/\/jeleniagora.pl\/projekty\/wp-content\/uploads\/2024\/03\/FEDDS-kolor-poziom-768x80.png 768w, https:\/\/jeleniagora.pl\/projekty\/wp-content\/uploads\/2024\/03\/FEDDS-kolor-poziom.png 1500w\" sizes=\"auto, (max-width: 1024px) 100vw, 1024px\" \/><\/figure>\n<\/div>\n\n\n\n<p><\/p>\n","protected":false},"excerpt":{"rendered":"<p>Projekt&nbsp;Akademia przedszkolaka&nbsp;realizowany w ramachPriorytetu 8 \u201eFundusze Europejskie dla edukacji na Dolnym \u015al\u0105sku\u201d,Dzia\u0142ania nr FEDS.08.01 \u201eDost\u0119p do edukacji\u201d,Programu Fundusze Europejskie dla Dolnego \u015al\u0105ska 2021-2027&nbsp; wsp\u00f3\u0142finansowanego ze \u015brodk\u00f3w Europejskiego Funduszu Spo\u0142ecznego Plus.<\/p>\n","protected":false},"author":1,"featured_media":0,"parent":0,"menu_order":0,"comment_status":"closed","ping_status":"closed","template":"","meta":{"_uag_custom_page_level_css":"","footnotes":""},"class_list":["post-165","page","type-page","status-publish","hentry"],"featured_image_src":null,"uagb_featured_image_src":{"full":false,"thumbnail":false,"medium":false,"medium_large":false,"large":false,"1536x1536":false,"2048x2048":false},"uagb_author_info":{"display_name":"AdminUMJG","author_link":"https:\/\/jeleniagora.pl\/projekty\/author\/adminumjg\/"},"uagb_comment_info":0,"uagb_excerpt":"Projekt&nbsp;Akademia przedszkolaka&nbsp;realizowany w ramachPriorytetu 8 \u201eFundusze Europejskie dla edukacji na Dolnym \u015al\u0105sku\u201d,Dzia\u0142ania nr FEDS.08.01 \u201eDost\u0119p do edukacji\u201d,Programu Fundusze Europejskie dla Dolnego \u015al\u0105ska 2021-2027&nbsp; wsp\u00f3\u0142finansowanego ze \u015brodk\u00f3w Europejskiego Funduszu Spo\u0142ecznego Plus.","_links":{"self":[{"href":"https:\/\/jeleniagora.pl\/projekty\/wp-json\/wp\/v2\/pages\/165","targetHints":{"allow":["GET"]}}],"collection":[{"href":"https:\/\/jeleniagora.pl\/projekty\/wp-json\/wp\/v2\/pages"}],"about":[{"href":"https:\/\/jeleniagora.pl\/projekty\/wp-json\/wp\/v2\/types\/page"}],"author":[{"embeddable":true,"href":"https:\/\/jeleniagora.pl\/projekty\/wp-json\/wp\/v2\/users\/1"}],"replies":[{"embeddable":true,"href":"https:\/\/jeleniagora.pl\/projekty\/wp-json\/wp\/v2\/comments?post=165"}],"version-history":[{"count":269,"href":"https:\/\/jeleniagora.pl\/projekty\/wp-json\/wp\/v2\/pages\/165\/revisions"}],"predecessor-version":[{"id":1129,"href":"https:\/\/jeleniagora.pl\/projekty\/wp-json\/wp\/v2\/pages\/165\/revisions\/1129"}],"wp:attachment":[{"href":"https:\/\/jeleniagora.pl\/projekty\/wp-json\/wp\/v2\/media?parent=165"}],"curies":[{"name":"wp","href":"https:\/\/api.w.org\/{rel}","templated":true}]}}